{"id":327,"date":"2025-05-08T11:04:53","date_gmt":"2025-05-08T11:04:53","guid":{"rendered":"https:\/\/hilaturasgiza.com\/?page_id=327"},"modified":"2025-05-08T11:04:54","modified_gmt":"2025-05-08T11:04:54","slug":"politica-de-cookies","status":"publish","type":"page","link":"https:\/\/hilaturasgiza.com\/index.php\/politica-de-cookies\/","title":{"rendered":"Pol\u00edtica de Cookies"},"content":{"rendered":"\n<p>Pol\u00edtica de Cookies<\/p>\n\n\n\n<p>En este sitio web, recopilo y utilizo la informaci\u00f3n seg\u00fan lo indicado en mi pol\u00edtica de privacidad. Una de las formas en que se recopila informaci\u00f3n es mediante el uso de la tecnolog\u00eda llamada &#8220;cookies&#8221;. En www.hilaturasgiza.com, las cookies se utilizan para diversas funciones.<\/p>\n\n\n\n<p>\u00bfQu\u00e9 es una cookie?<\/p>\n\n\n\n<p>Una \u201ccookie\u201d es una peque\u00f1a cantidad de texto que se almacena en tu navegador (como Chrome de Google o Safari de Apple) cuando navegas por la mayor\u00eda de los sitios web.<\/p>\n\n\n\n<p>\u00bfQu\u00e9 NO es una cookie?<\/p>\n\n\n\n<p>No es un virus, ni un troyano, ni un gusano, ni spam, ni spyware, ni abre ventanas pop-up.<\/p>\n\n\n\n<p>\u00bfQu\u00e9 informaci\u00f3n almacena una cookie?<\/p>\n\n\n\n<p>Las cookies no suelen almacenar informaci\u00f3n sensible sobre usted, como tarjetas de cr\u00e9dito o datos bancarios, fotograf\u00edas o informaci\u00f3n personal, etc. Los datos que guardan son de car\u00e1cter t\u00e9cnico, estad\u00edsticos, preferencias personales, personalizaci\u00f3n de contenidos, etc.<\/p>\n\n\n\n<p>El servidor web no le asocia a usted como persona sino a su navegador web. De hecho, si usted navega habitualmente con el navegador Chrome y prueba a navegar por la misma web con el navegador Firefox, ver\u00e1 que la web no se da cuenta que es usted la misma persona porque en realidad est\u00e1 asociando la informaci\u00f3n al navegador, no a la persona.<\/p>\n\n\n\n<p>\u00bfQu\u00e9 tipo de cookies existen?<\/p>\n\n\n\n<ul>\n<li><strong>Cookies t\u00e9cnicas:<\/strong> Son las m\u00e1s elementales y permiten, entre otras cosas, saber cu\u00e1ndo est\u00e1 navegando un humano o una aplicaci\u00f3n automatizada, cu\u00e1ndo navega un usuario an\u00f3nimo y uno registrado, tareas b\u00e1sicas para el funcionamiento de cualquier web din\u00e1mica.<\/li>\n\n\n\n<li><strong>Cookies de an\u00e1lisis:<\/strong> Recogen informaci\u00f3n sobre el tipo de navegaci\u00f3n que est\u00e1 realizando, las secciones que m\u00e1s utiliza, productos consultados, franja horaria de uso, idioma, etc.<\/li>\n\n\n\n<li><strong>Cookies publicitarias:<\/strong> Muestran publicidad en funci\u00f3n de su navegaci\u00f3n, su pa\u00eds de procedencia, idioma, etc.<\/li>\n<\/ul>\n\n\n\n<p>\u00bfQu\u00e9 son las cookies propias y las de terceros?<\/p>\n\n\n\n<p>Las cookies propias son las generadas por la p\u00e1gina que est\u00e1 visitando y las de terceros son las generadas por servicios o proveedores externos como Mailchimp, Facebook, Twitter, Google adsense, etc.<\/p>\n\n\n\n<p>\u00bfQu\u00e9 cookies utiliza esta web?<\/p>\n\n\n\n<p>Este sitio web utiliza cookies propias y de terceros. En este sitio web se utilizan las siguientes cookies, que se detallan a continuaci\u00f3n:<\/p>\n\n\n\n<p>Cookies propias:<\/p>\n\n\n\n<p><strong>Inicio de sesi\u00f3n:<\/strong> Las cookies para iniciar sesi\u00f3n te permiten entrar y salir de tu cuenta de www.hilaturasgiza.com .<\/p>\n\n\n\n<p><strong>Personalizaci\u00f3n:<\/strong> Las cookies me ayudan a recordar con qu\u00e9 personas o sitios web has interactuado, para que pueda mostrarte contenido relacionado.<\/p>\n\n\n\n<p><strong>Preferencias:<\/strong> Las cookies me permiten recordar tus ajustes y preferencias, como el idioma preferido y tu configuraci\u00f3n de privacidad.<\/p>\n\n\n\n<p><strong>Security:<\/strong>&nbsp; I use cookies to avoid security risks. Mainly to detect when someone is trying to hack into your www.hilaturasgiza.com account.<\/p>\n\n\n\n<p>Cookies de terceros<\/p>\n\n\n\n<p>Esta web utiliza servicios de an\u00e1lisis, concretamente, Google Analytics para ayudar al website a analizar el uso que hacen los usuarios del sitio web y mejorar la usabilidad del mismo, pero en ning\u00fan caso se asocian a datos que pudieran llegar a identificar al usuario. Google Analytics, es un servicio anal\u00edtico de web prestado por Google, Inc., El usuario puede consultar <a href=\"https:\/\/www.google.es\/intl\/es\/policies\/technologies\/types\/\">aqu\u00ed<\/a> el tipo de cookies utilizadas por Google.<\/p>\n\n\n\n<p>Hilaturas Giza, S.L. es usuario de la plataforma de suministro y alojamiento de blogs <strong>WordPress<\/strong>, propiedad de la empresa norteamericana Automattic, Inc. A tales efectos, los usos de tales cookies por los sistemas nunca est\u00e1n bajo control o gesti\u00f3n del responsable de la web, pueden cambiar su funci\u00f3n en cualquier momento, y entrar cookies nuevas. Estas cookies tampoco reportan al responsable de esta web beneficio alguno. Automattic, Inc., utiliza adem\u00e1s otras cookies con la finalidad de ayudar a identificar y rastrear a los visitantes de los sitios de <a href=\"https:\/\/wordpress.org\/\"><strong>WordPress<\/strong><\/a>, conocer el uso que hacen del sitio web de Automattic, as\u00ed como sus preferencias de acceso al mismo, tal y como se recoge en el apartado \u201cCookies\u201d de su pol\u00edtica de privacidad.<\/p>\n\n\n\n<p>Las cookies de redes sociales pueden almacenarse en su navegador mientras navega por https:\/www.hilaturasgiza.com por ejemplo, cuando utiliza el bot\u00f3n de compartir contenidos de https:\/\/www.hilaturasgiza.com en alguna red social.<\/p>\n\n\n\n<p>A continuaci\u00f3n tienes informaci\u00f3n sobre las cookies de las redes sociales que utiliza esta web en sus propias pol\u00edticas de cookies:<\/p>\n\n\n\n<ul>\n<li>Cookies<br>de Facebook, ver m\u00e1s informaci\u00f3n en su <a href=\"https:\/\/www.facebook.com\/policies\/cookies\/\">pol\u00edtica<br>de cookies<\/a><\/li>\n\n\n\n<li>Cookies<br>de Twitter, ver m\u00e1s informaci\u00f3n en su <a href=\"https:\/\/twitter.com\/privacy\">pol\u00edtica de<br>cookies<\/a><\/li>\n\n\n\n<li>Cookies<br>de Instagram, ver m\u00e1s informaci\u00f3n en su <a href=\"https:\/\/www.facebook.com\/policies\/cookies\/\">pol\u00edtica<br>de cookies<\/a><\/li>\n\n\n\n<li>Cookies<br>de Google+, ver m\u00e1s informaci\u00f3n en su <a href=\"http:\/\/www.google.com\/intl\/es\/policies\/technologies\/types\/\">pol\u00edtica de cookies<\/a><\/li>\n\n\n\n<li>Cookies<br>de Linkedin, ver m\u00e1s informaci\u00f3n en su <a href=\"https:\/\/www.linkedin.com\/legal\/cookie-policy?trk=hp-cookies\">pol\u00edtica de cookies<\/a><\/li>\n\n\n\n<li>Cookies<br>de Pinterest, ver m\u00e1s informaci\u00f3n en su <a href=\"https:\/\/policy.pinterest.com\/es\/cookies\">pol\u00edtica<br>de cookies<\/a><\/li>\n\n\n\n<li>Cookies<br>de Youtube, ver m\u00e1s informaci\u00f3n en su <a href=\"http:\/\/www.google.com\/intl\/es\/policies\/technologies\/types\/\">pol\u00edtica de cookies<\/a><\/li>\n<\/ul>\n\n\n\n<p>Llevo a cabo acciones de remarketing mediante <strong>Google AdWords<\/strong>, que utiliza las cookies para ayudarme a ofrecer anuncios en l\u00ednea espec\u00edfico basado en visitas anteriores a mi sitio web. <strong>Google<\/strong> utiliza esta informaci\u00f3n para mostrar anuncios en varios sitios web de terceros a trav\u00e9s de Internet. Estas cookies est\u00e1n a punto de expirar y no contienen informaci\u00f3n que pueda identificarle personalmente. Por favor dir\u00edgete a la <a href=\"http:\/\/www.google.com\/privacy\/ads\/\">publicidad de Google Aviso de privacidad<\/a> para obtener m\u00e1s informaci\u00f3n.<\/p>\n\n\n\n<p>Llevo a cabo acciones de remarketing mediante <strong>Facebook ads<\/strong>, que utiliza las cookies para ayudarme a ofrecer anuncios en l\u00ednea espec\u00edfico basado en visitas anteriores a mi sitio web.<\/p>\n\n\n\n<p>Realizo acciones de remarketing mediante <strong>Twitter ads<\/strong>, que utiliza las cookies para ayudarme a ofrecer anuncios en l\u00ednea espec\u00edfico basado en visitas anteriores a mi sitio web.<\/p>\n\n\n\n<p>En www.hilaturasgiza.com gestiono las campa\u00f1as de publicidad mediante la herramienta <strong>DoubleClick<\/strong> que me permite recopilar toda la informaci\u00f3n sobre mi audiencia de manera centralizada. <strong>DoubleClick<\/strong> usa las cookies para mejorar la publicidad. Las cookies suelen usarse com\u00fanmente para orientar anuncios basados en contenido relevante para un usuario, mejorar los informes de rendimiento de la campa\u00f1a y evitar mostrar anuncios que el usuario ya haya visto.<\/p>\n\n\n\n<p><strong>DoubleClick<\/strong> usa ID de cookies para tener un registro de qu\u00e9 anuncios se han mostrado en determinados navegadores. En el momento de publicar un anuncio en un navegador, puede usar el ID de cookie de dicho navegador para comprobar qu\u00e9 anuncios ya se han mostrado en ese navegador en concreto. As\u00ed es como se evita mostrar anuncios que el usuario ya ha visto. Del mismo modo, los ID de cookies permiten a <strong>DoubleClick <\/strong>registrar las conversiones relativas a las solicitudes de anuncios, como cuando un usuario ve un anuncio de <strong>DoubleClick<\/strong> y, m\u00e1s adelante, usa el mismo navegador para visitar el sitio web del anunciante y realizar una compra.<\/p>\n\n\n\n<p>Como usuario de Internet, en cualquier momento podr\u00e1s proceder al borrado de la informaci\u00f3n referente a tus h\u00e1bitos de navegaci\u00f3n, y el perfil relacionado que ha generado los referidos h\u00e1bitos, accediendo de forma directa y gratuita a: <a href=\"https:\/\/www.google.com\/settings\/ads\/preferences?hl=es\">https:\/\/www.google.com\/settings\/ads\/preferences?hl=es<\/a>. Si un usuario inhabilita esta funci\u00f3n, el ID de cookie \u00fanico de <strong>DoubleClick<\/strong> en el navegador del usuario se sobrescribe con la fase \u201cOPT_OUT\u201d. Debido a que ya no existe un ID de cookie \u00fanico, la cookie inhabilitada no se puede asociar con un determinado navegador.<\/p>\n\n\n\n<p>\u00bfSe pueden eliminar las cookies?<\/p>\n\n\n\n<p>S\u00ed, y no s\u00f3lo eliminar, tambi\u00e9n bloquear, de forma general o particular para un dominio espec\u00edfico.<br>Para eliminar las cookies de un sitio web debe ir a la configuraci\u00f3n de su navegador y all\u00ed podr\u00e1 buscar las asociadas al dominio en cuesti\u00f3n y proceder a su eliminaci\u00f3n.<\/p>\n\n\n\n<ul>\n<li>Configuraci\u00f3n<br>de cookies para <a href=\"http:\/\/support.google.com\/chrome\/bin\/answer.py?hl=es&amp;answer=95647\">Google Chrome<\/a><\/li>\n\n\n\n<li>Configuraci\u00f3n<br>de cookies para <a href=\"https:\/\/support.apple.com\/es-es\/HT201265\">Apple Safari<\/a><\/li>\n\n\n\n<li>Configuraci\u00f3n<br>de cookies para <a href=\"https:\/\/www.hispaphil.com\/index.php\/politica-de-cookies\/#ie=ie-10\">Internet Explorer<\/a><\/li>\n\n\n\n<li>Configuraci\u00f3n<br>de cookies para <a href=\"https:\/\/support.mozilla.org\/es\/kb\/habilitar-y-deshabilitar-cookies-sitios-web-rastrear-preferencias?redirectlocale=es&amp;redirectslug=habilitar-y-deshabilitar-cookies-que-los-sitios-we\">Mozilla Firefox<\/a><\/li>\n<\/ul>\n\n\n\n<p>M\u00e1s informaci\u00f3n sobre las cookies<\/p>\n\n\n\n<p>Puedes consultar el reglamento sobre cookies publicado por la Agencia Espa\u00f1ola de Protecci\u00f3n de Datos en su \u201cGu\u00eda sobre el uso de las cookies\u201d y obtener m\u00e1s informaci\u00f3n sobre las cookies en Internet, <a href=\"http:\/\/www.aboutcookies.org\/\">http:\/\/www.aboutcookies.org\/<\/a><\/p>\n\n\n\n<p>Si desea tener un mayor control sobre la instalaci\u00f3n de cookies, puede instalar programas o complementos a su navegador, conocidos como herramientas de \u201cDo Not Track\u201d, que le permitir\u00e1n escoger aquellas cookies que desea permitir.<\/p>\n\n\n\n<p>Esta pol\u00edtica de cookies ha sido revisado el 20-Marzo-2020.<\/p>\n","protected":false},"excerpt":{"rendered":"<p>Pol\u00edtica de Cookies En este sitio web, recopilo y utilizo la informaci\u00f3n seg\u00fan lo indicado en mi pol\u00edtica de privacidad. Una de las formas en que se recopila informaci\u00f3n es mediante el uso de la tecnolog\u00eda llamada &#8220;cookies&#8221;. En www.hilaturasgiza.com, las cookies se utilizan para diversas funciones. \u00bfQu\u00e9 es una cookie? Una \u201ccookie\u201d es una [&hellip;]<\/p>\n","protected":false},"author":1,"featured_media":0,"parent":0,"menu_order":0,"comment_status":"closed","ping_status":"closed","template":"","meta":{"om_disable_all_campaigns":false,"_monsterinsights_skip_tracking":false,"_monsterinsights_sitenote_active":false,"_monsterinsights_sitenote_note":"","_monsterinsights_sitenote_category":0},"aioseo_notices":[],"yoast_head":"<!-- This site is optimized with the Yoast SEO Premium plugin v20.1 (Yoast SEO v20.1) - https:\/\/yoast.com\/wordpress\/plugins\/seo\/ -->\n<title>Pol\u00edtica de Cookies - Hilaturas Giza SL - Giza Cotton Yarn<\/title>\n<meta name=\"robots\" content=\"index, follow, max-snippet:-1, max-image-preview:large, max-video-preview:-1\" \/>\n<link rel=\"canonical\" href=\"https:\/\/hilaturasgiza.com\/index.php\/politica-de-cookies\/\" \/>\n<meta property=\"og:locale\" content=\"en_US\" \/>\n<meta property=\"og:type\" content=\"article\" \/>\n<meta property=\"og:title\" content=\"Pol\u00edtica de Cookies\" \/>\n<meta property=\"og:description\" content=\"Pol\u00edtica de Cookies En este sitio web, recopilo y utilizo la informaci\u00f3n seg\u00fan lo indicado en mi pol\u00edtica de privacidad. Una de las formas en que se recopila informaci\u00f3n es mediante el uso de la tecnolog\u00eda llamada &#8220;cookies&#8221;. En www.hilaturasgiza.com, las cookies se utilizan para diversas funciones. \u00bfQu\u00e9 es una cookie? Una \u201ccookie\u201d es una [&hellip;]\" \/>\n<meta property=\"og:url\" content=\"https:\/\/hilaturasgiza.com\/index.php\/politica-de-cookies\/\" \/>\n<meta property=\"og:site_name\" content=\"Hilaturas Giza SL - Giza Cotton Yarn\" \/>\n<meta property=\"article:modified_time\" content=\"2025-05-08T11:04:54+00:00\" \/>\n<meta name=\"twitter:card\" content=\"summary_large_image\" \/>\n<meta name=\"twitter:label1\" content=\"Est. reading time\" \/>\n\t<meta name=\"twitter:data1\" content=\"6 minutes\" \/>\n<script type=\"application\/ld+json\" class=\"yoast-schema-graph\">{\"@context\":\"https:\/\/schema.org\",\"@graph\":[{\"@type\":\"WebPage\",\"@id\":\"https:\/\/hilaturasgiza.com\/index.php\/politica-de-cookies\/\",\"url\":\"https:\/\/hilaturasgiza.com\/index.php\/politica-de-cookies\/\",\"name\":\"Pol\u00edtica de Cookies - Hilaturas Giza SL - Giza Cotton Yarn\",\"isPartOf\":{\"@id\":\"https:\/\/hilaturasgiza.com\/#website\"},\"datePublished\":\"2025-05-08T11:04:53+00:00\",\"dateModified\":\"2025-05-08T11:04:54+00:00\",\"breadcrumb\":{\"@id\":\"https:\/\/hilaturasgiza.com\/index.php\/politica-de-cookies\/#breadcrumb\"},\"inLanguage\":\"en-US\",\"potentialAction\":[{\"@type\":\"ReadAction\",\"target\":[\"https:\/\/hilaturasgiza.com\/index.php\/politica-de-cookies\/\"]}]},{\"@type\":\"BreadcrumbList\",\"@id\":\"https:\/\/hilaturasgiza.com\/index.php\/politica-de-cookies\/#breadcrumb\",\"itemListElement\":[{\"@type\":\"ListItem\",\"position\":1,\"name\":\"Home\",\"item\":\"https:\/\/hilaturasgiza.com\/index.php\/home\/\"},{\"@type\":\"ListItem\",\"position\":2,\"name\":\"Pol\u00edtica de Cookies\"}]},{\"@type\":\"WebSite\",\"@id\":\"https:\/\/hilaturasgiza.com\/#website\",\"url\":\"https:\/\/hilaturasgiza.com\/\",\"name\":\"Hilaturas Giza SL - Giza Cotton Yarn\",\"description\":\"HILATURAS GIZA, S.L.\",\"publisher\":{\"@id\":\"https:\/\/hilaturasgiza.com\/#organization\"},\"potentialAction\":[{\"@type\":\"SearchAction\",\"target\":{\"@type\":\"EntryPoint\",\"urlTemplate\":\"https:\/\/hilaturasgiza.com\/?s={search_term_string}\"},\"query-input\":\"required name=search_term_string\"}],\"inLanguage\":\"en-US\"},{\"@type\":\"Organization\",\"@id\":\"https:\/\/hilaturasgiza.com\/#organization\",\"name\":\"Hilaturas Giza SL - Giza Cotton Yarn\",\"url\":\"https:\/\/hilaturasgiza.com\/\",\"logo\":{\"@type\":\"ImageObject\",\"inLanguage\":\"en-US\",\"@id\":\"https:\/\/hilaturasgiza.com\/#\/schema\/logo\/image\/\",\"url\":\"https:\/\/hilaturasgiza.com\/wp-content\/uploads\/2023\/02\/cropped-Giza_logo_store.jpg\",\"contentUrl\":\"https:\/\/hilaturasgiza.com\/wp-content\/uploads\/2023\/02\/cropped-Giza_logo_store.jpg\",\"width\":400,\"height\":400,\"caption\":\"Hilaturas Giza SL - Giza Cotton Yarn\"},\"image\":{\"@id\":\"https:\/\/hilaturasgiza.com\/#\/schema\/logo\/image\/\"}}]}<\/script>\n<!-- \/ Yoast SEO Premium plugin. -->","yoast_head_json":{"title":"Pol\u00edtica de Cookies - Hilaturas Giza SL - Giza Cotton Yarn","robots":{"index":"index","follow":"follow","max-snippet":"max-snippet:-1","max-image-preview":"max-image-preview:large","max-video-preview":"max-video-preview:-1"},"canonical":"https:\/\/hilaturasgiza.com\/index.php\/politica-de-cookies\/","og_locale":"en_US","og_type":"article","og_title":"Pol\u00edtica de Cookies","og_description":"Pol\u00edtica de Cookies En este sitio web, recopilo y utilizo la informaci\u00f3n seg\u00fan lo indicado en mi pol\u00edtica de privacidad. Una de las formas en que se recopila informaci\u00f3n es mediante el uso de la tecnolog\u00eda llamada &#8220;cookies&#8221;. En www.hilaturasgiza.com, las cookies se utilizan para diversas funciones. \u00bfQu\u00e9 es una cookie? Una \u201ccookie\u201d es una [&hellip;]","og_url":"https:\/\/hilaturasgiza.com\/index.php\/politica-de-cookies\/","og_site_name":"Hilaturas Giza SL - Giza Cotton Yarn","article_modified_time":"2025-05-08T11:04:54+00:00","twitter_card":"summary_large_image","twitter_misc":{"Est. reading time":"6 minutes"},"schema":{"@context":"https:\/\/schema.org","@graph":[{"@type":"WebPage","@id":"https:\/\/hilaturasgiza.com\/index.php\/politica-de-cookies\/","url":"https:\/\/hilaturasgiza.com\/index.php\/politica-de-cookies\/","name":"Pol\u00edtica de Cookies - Hilaturas Giza SL - Giza Cotton Yarn","isPartOf":{"@id":"https:\/\/hilaturasgiza.com\/#website"},"datePublished":"2025-05-08T11:04:53+00:00","dateModified":"2025-05-08T11:04:54+00:00","breadcrumb":{"@id":"https:\/\/hilaturasgiza.com\/index.php\/politica-de-cookies\/#breadcrumb"},"inLanguage":"en-US","potentialAction":[{"@type":"ReadAction","target":["https:\/\/hilaturasgiza.com\/index.php\/politica-de-cookies\/"]}]},{"@type":"BreadcrumbList","@id":"https:\/\/hilaturasgiza.com\/index.php\/politica-de-cookies\/#breadcrumb","itemListElement":[{"@type":"ListItem","position":1,"name":"Home","item":"https:\/\/hilaturasgiza.com\/index.php\/home\/"},{"@type":"ListItem","position":2,"name":"Pol\u00edtica de Cookies"}]},{"@type":"WebSite","@id":"https:\/\/hilaturasgiza.com\/#website","url":"https:\/\/hilaturasgiza.com\/","name":"Hilaturas Giza SL - Giza Cotton Yarn","description":"HILATURAS GIZA, S.L.","publisher":{"@id":"https:\/\/hilaturasgiza.com\/#organization"},"potentialAction":[{"@type":"SearchAction","target":{"@type":"EntryPoint","urlTemplate":"https:\/\/hilaturasgiza.com\/?s={search_term_string}"},"query-input":"required name=search_term_string"}],"inLanguage":"en-US"},{"@type":"Organization","@id":"https:\/\/hilaturasgiza.com\/#organization","name":"Hilaturas Giza SL - Giza Cotton Yarn","url":"https:\/\/hilaturasgiza.com\/","logo":{"@type":"ImageObject","inLanguage":"en-US","@id":"https:\/\/hilaturasgiza.com\/#\/schema\/logo\/image\/","url":"https:\/\/hilaturasgiza.com\/wp-content\/uploads\/2023\/02\/cropped-Giza_logo_store.jpg","contentUrl":"https:\/\/hilaturasgiza.com\/wp-content\/uploads\/2023\/02\/cropped-Giza_logo_store.jpg","width":400,"height":400,"caption":"Hilaturas Giza SL - Giza Cotton Yarn"},"image":{"@id":"https:\/\/hilaturasgiza.com\/#\/schema\/logo\/image\/"}}]}},"_links":{"self":[{"href":"https:\/\/hilaturasgiza.com\/index.php\/wp-json\/wp\/v2\/pages\/327"}],"collection":[{"href":"https:\/\/hilaturasgiza.com\/index.php\/wp-json\/wp\/v2\/pages"}],"about":[{"href":"https:\/\/hilaturasgiza.com\/index.php\/wp-json\/wp\/v2\/types\/page"}],"author":[{"embeddable":true,"href":"https:\/\/hilaturasgiza.com\/index.php\/wp-json\/wp\/v2\/users\/1"}],"replies":[{"embeddable":true,"href":"https:\/\/hilaturasgiza.com\/index.php\/wp-json\/wp\/v2\/comments?post=327"}],"version-history":[{"count":1,"href":"https:\/\/hilaturasgiza.com\/index.php\/wp-json\/wp\/v2\/pages\/327\/revisions"}],"predecessor-version":[{"id":329,"href":"https:\/\/hilaturasgiza.com\/index.php\/wp-json\/wp\/v2\/pages\/327\/revisions\/329"}],"wp:attachment":[{"href":"https:\/\/hilaturasgiza.com\/index.php\/wp-json\/wp\/v2\/media?parent=327"}],"curies":[{"name":"wp","href":"https:\/\/api.w.org\/{rel}","templated":true}]}}